{"id":216,"date":"2020-03-20T22:26:07","date_gmt":"2020-03-20T20:26:07","guid":{"rendered":"https:\/\/pollovaara.fi\/?page_id=216"},"modified":"2021-04-08T09:49:13","modified_gmt":"2021-04-08T06:49:13","slug":"me-olemme","status":"publish","type":"page","link":"https:\/\/pollovaara.fi\/?page_id=216","title":{"rendered":"T O I M I N T A"},"content":{"rendered":"\n<p><\/p>\n\n\n\n<p class=\"has-text-align-center\">Perhekoti P\u00f6ll\u00f6vaara on yksityinen ammatillinen perhekoti, joka antaa luvanvaraista perhehoitoa. Vuodesta 1995 asti toiminut P\u00f6ll\u00f6vaara on tarkoitettu 12-18 -vuotiaille lapsille sek\u00e4 nuorille pitk\u00e4aikaiseksi sijoitushuoltopaikaksi. P\u00f6ll\u00f6vaara sijaitsee luonnonkauniilla tontilla Nokianvirran varrella. Talon ymp\u00e4rill\u00e4 on iso piha harrastusmahdollisuuksineen.  Talossa asuvat ymp\u00e4rivuorokautisesti perhekotivanhemmat.<\/p>\n\n\n\n<p class=\"has-text-align-center\">P\u00f6ll\u00f6vaarassa on vahva asiantuntijuus trauma-  ja kiintymyssuhdeh\u00e4iri\u00f6isten lasten ja nuorten hoidosta. Lapsen tarpeet ovat aina yksil\u00f6llisi\u00e4 ja hoito pyrit\u00e4\u00e4nkin j\u00e4rjest\u00e4m\u00e4\u00e4n tarpeita vastaavaksi yhteisty\u00f6ss\u00e4 vanhempien kanssa.<\/p>\n\n\n\n<div class=\"wp-block-image\"><figure class=\"aligncenter size-medium\"><img decoding=\"async\" src=\"https:\/\/pollovaara.fi\/wp-content\/uploads\/2020\/08\/P\u00d6LL\u00d6VAARA_LIULIIPHOTO_2020-128-300x200.jpg\" alt=\"\" class=\"wp-image-854\"\/><\/figure><\/div>\n\n\n\n<h6 class=\"has-text-align-center wp-block-heading\"><em>&#8221;Rakasta minut vahvaksi.<br>Rakasta vahvaksi takaisin el\u00e4m\u00e4\u00e4n.<br>Kehu kest\u00e4v\u00e4ksi maailman tuuliin.<br>Opeta rajat ja auta uuden \u00e4\u00e4relle.<br>Puhalla uskallus ja luota minuun.&#8221;<\/em><\/h6>\n\n\n\n<p><\/p>\n","protected":false},"excerpt":{"rendered":"<p>Perhekoti P\u00f6ll\u00f6vaara on yksityinen ammatillinen perhekoti, joka antaa luvanvaraista perhehoitoa. Vuodesta 1995 asti toiminut P\u00f6ll\u00f6vaara on tarkoitettu 12-18 -vuotiaille lapsille sek\u00e4 nuorille pitk\u00e4aikaiseksi sijoitushuoltopaikaksi. P\u00f6ll\u00f6vaara sijaitsee luonnonkauniilla tontilla Nokianvirran varrella. Talon ymp\u00e4rill\u00e4 on iso piha harrastusmahdollisuuksineen. Talossa asuvat ymp\u00e4rivuorokautisesti perhekotivanhemmat. P\u00f6ll\u00f6vaarassa on vahva asiantuntijuus trauma- ja kiintymyssuhdeh\u00e4iri\u00f6isten lasten ja nuorten hoidosta. Lapsen tarpeet ovat aina yksil\u00f6llisi\u00e4 ja hoito pyrit\u00e4\u00e4nkin j\u00e4rjest\u00e4m\u00e4\u00e4n tarpeita vastaavaksi yhteisty\u00f6ss\u00e4 vanhempien kanssa. &#8221;Rakasta minut vahvaksi.Rakasta vahvaksi takaisin el\u00e4m\u00e4\u00e4n.Kehu kest\u00e4v\u00e4ksi maailman tuuliin.Opeta rajat ja auta uuden \u00e4\u00e4relle.Puhalla uskallus ja luota minuun.&#8221;<\/p>\n","protected":false},"author":1,"featured_media":47,"parent":5,"menu_order":0,"comment_status":"closed","ping_status":"closed","template":"","meta":{"footnotes":""},"class_list":["post-216","page","type-page","status-publish","has-post-thumbnail","hentry"],"_links":{"self":[{"href":"https:\/\/pollovaara.fi\/index.php?rest_route=\/wp\/v2\/pages\/216","targetHints":{"allow":["GET"]}}],"collection":[{"href":"https:\/\/pollovaara.fi\/index.php?rest_route=\/wp\/v2\/pages"}],"about":[{"href":"https:\/\/pollovaara.fi\/index.php?rest_route=\/wp\/v2\/types\/page"}],"author":[{"embeddable":true,"href":"https:\/\/pollovaara.fi\/index.php?rest_route=\/wp\/v2\/users\/1"}],"replies":[{"embeddable":true,"href":"https:\/\/pollovaara.fi\/index.php?rest_route=%2Fwp%2Fv2%2Fcomments&post=216"}],"version-history":[{"count":20,"href":"https:\/\/pollovaara.fi\/index.php?rest_route=\/wp\/v2\/pages\/216\/revisions"}],"predecessor-version":[{"id":950,"href":"https:\/\/pollovaara.fi\/index.php?rest_route=\/wp\/v2\/pages\/216\/revisions\/950"}],"up":[{"embeddable":true,"href":"https:\/\/pollovaara.fi\/index.php?rest_route=\/wp\/v2\/pages\/5"}],"wp:featuredmedia":[{"embeddable":true,"href":"https:\/\/pollovaara.fi\/index.php?rest_route=\/wp\/v2\/media\/47"}],"wp:attachment":[{"href":"https:\/\/pollovaara.fi\/index.php?rest_route=%2Fwp%2Fv2%2Fmedia&parent=216"}],"curies":[{"name":"wp","href":"https:\/\/api.w.org\/{rel}","templated":true}]}}