{"id":265,"date":"2020-03-23T15:11:01","date_gmt":"2020-03-23T13:11:01","guid":{"rendered":"https:\/\/pollovaara.fi\/?page_id=265"},"modified":"2020-08-24T11:58:50","modified_gmt":"2020-08-24T08:58:50","slug":"arvot","status":"publish","type":"page","link":"https:\/\/pollovaara.fi\/?page_id=265","title":{"rendered":"ARVOT"},"content":{"rendered":"\n<p class=\"has-text-align-center\"> <\/p>\n\n\n\n<p class=\"has-text-align-center\">P\u00f6ll\u00f6vaarassa haluamme hoitaa lasta ja perhett\u00e4 kokonaisvaltaisesti. Jokaisella on mahdollisuus uuteen alkuun ja tulevaisuuteen. Jokainen lapsi on ainutkertainen ja h\u00e4nelle tulee tarjota yksil\u00f6llist\u00e4 hoivaa ja kasvatusta. <\/p>\n\n\n\n<p class=\"has-text-align-center\">P\u00f6ll\u00f6vaaran arvojen pohjalla ovat kristilliset arvot sek\u00e4 vahvoina aito v\u00e4litt\u00e4minen, ty\u00f6n avoimuus, ammatillisuus, turvallisuus, osallisuus ja luotettavuus.<\/p>\n\n\n\n<p class=\"has-text-align-center\">P\u00f6ll\u00f6vaarassa tavoitellaan mahdollisimman hyv\u00e4\u00e4 hoitoa asiakkaista t\u00e4rkeimpien eli lasten ja nuorten n\u00e4k\u00f6kulmasta. Toiminnan viitekehyksen\u00e4 on kiintymyssuhdeteoria ja henkil\u00f6kunnalla on pitk\u00e4 kokemus DDP:n toimintamalleista hoitoty\u00f6ss\u00e4. <\/p>\n\n\n\n<p><\/p>\n\n\n\n<h6 class=\"has-text-align-center wp-block-heading\"><em>&#8221;Jokaisella lapsella tulee<\/em><br><em>olla lupa olla lapsi.<\/em><br><em>Lapsen tulee saada el\u00e4\u00e4 lapsuutta<\/em><br><em>turvallisessa elinymp\u00e4rist\u00f6ss\u00e4,<\/em><br><em>jossa on rakastavat ja<\/em><br><em>huolehtivat aikuiset.<\/em><br><em>Lapsella on oikeus<\/em><br><em>kehitty\u00e4 kykyjens\u00e4<\/em><br><em>ja valmiuksiensa mukaan.&#8221;<\/em><\/h6>\n\n\n\n<p><br><\/p>\n","protected":false},"excerpt":{"rendered":"<p>P\u00f6ll\u00f6vaarassa haluamme hoitaa lasta ja perhett\u00e4 kokonaisvaltaisesti. Jokaisella on mahdollisuus uuteen alkuun ja tulevaisuuteen. Jokainen lapsi on ainutkertainen ja h\u00e4nelle tulee tarjota yksil\u00f6llist\u00e4 hoivaa ja kasvatusta. P\u00f6ll\u00f6vaaran arvojen pohjalla ovat kristilliset arvot sek\u00e4 vahvoina aito v\u00e4litt\u00e4minen, ty\u00f6n avoimuus, ammatillisuus, turvallisuus, osallisuus ja luotettavuus. P\u00f6ll\u00f6vaarassa tavoitellaan mahdollisimman hyv\u00e4\u00e4 hoitoa asiakkaista t\u00e4rkeimpien eli lasten ja nuorten n\u00e4k\u00f6kulmasta. Toiminnan viitekehyksen\u00e4 on kiintymyssuhdeteoria ja henkil\u00f6kunnalla on pitk\u00e4 kokemus DDP:n toimintamalleista hoitoty\u00f6ss\u00e4. &#8221;Jokaisella lapsella tuleeolla lupa olla lapsi.Lapsen tulee saada el\u00e4\u00e4 lapsuuttaturvallisessa elinymp\u00e4rist\u00f6ss\u00e4,jossa on rakastavat jahuolehtivat aikuiset.Lapsella on oikeuskehitty\u00e4 kykyjens\u00e4ja valmiuksiensa mukaan.&#8221;<\/p>\n","protected":false},"author":1,"featured_media":67,"parent":0,"menu_order":0,"comment_status":"closed","ping_status":"closed","template":"","meta":{"footnotes":""},"class_list":["post-265","page","type-page","status-publish","has-post-thumbnail","hentry"],"_links":{"self":[{"href":"https:\/\/pollovaara.fi\/index.php?rest_route=\/wp\/v2\/pages\/265","targetHints":{"allow":["GET"]}}],"collection":[{"href":"https:\/\/pollovaara.fi\/index.php?rest_route=\/wp\/v2\/pages"}],"about":[{"href":"https:\/\/pollovaara.fi\/index.php?rest_route=\/wp\/v2\/types\/page"}],"author":[{"embeddable":true,"href":"https:\/\/pollovaara.fi\/index.php?rest_route=\/wp\/v2\/users\/1"}],"replies":[{"embeddable":true,"href":"https:\/\/pollovaara.fi\/index.php?rest_route=%2Fwp%2Fv2%2Fcomments&post=265"}],"version-history":[{"count":20,"href":"https:\/\/pollovaara.fi\/index.php?rest_route=\/wp\/v2\/pages\/265\/revisions"}],"predecessor-version":[{"id":905,"href":"https:\/\/pollovaara.fi\/index.php?rest_route=\/wp\/v2\/pages\/265\/revisions\/905"}],"wp:featuredmedia":[{"embeddable":true,"href":"https:\/\/pollovaara.fi\/index.php?rest_route=\/wp\/v2\/media\/67"}],"wp:attachment":[{"href":"https:\/\/pollovaara.fi\/index.php?rest_route=%2Fwp%2Fv2%2Fmedia&parent=265"}],"curies":[{"name":"wp","href":"https:\/\/api.w.org\/{rel}","templated":true}]}}