{"id":5,"date":"2020-06-29T13:41:00","date_gmt":"2020-06-29T10:41:00","guid":{"rendered":"https:\/\/pollovaara.fi\/?page_id=5"},"modified":"2021-04-08T09:47:57","modified_gmt":"2021-04-08T06:47:57","slug":"pollovaara","status":"publish","type":"page","link":"https:\/\/pollovaara.fi\/","title":{"rendered":"P A L V E L U"},"content":{"rendered":"\n<div class=\"wp-block-group\"><div class=\"wp-block-group__inner-container is-layout-flow wp-block-group-is-layout-flow\">\n<div class=\"wp-block-group\"><div class=\"wp-block-group__inner-container is-layout-flow wp-block-group-is-layout-flow\">\n<h4 class=\"has-text-align-center wp-block-heading\">Sijaishuollon perhehoito &#8211; Perhety\u00f6 &#8211; J\u00e4lkihuolto<\/h4>\n\n\n\n<p class=\"has-text-align-center\">P\u00f6ll\u00f6vaara tarjoaa luvanvaraista perhehoitoa huostaanotetuille 12-18 -vuotiaille lapsille. Perhekodissa on ymp\u00e4rivuorokautiset vanhemmat sek\u00e4 sosiaali- ja terveysalan ty\u00f6ntekij\u00f6it\u00e4. Tavoitteena on vahva yhteisty\u00f6 perheiden kanssa ja mahdollinen lapsen kotiinpaluu.<\/p>\n\n\n\n<p class=\"has-text-align-center\">P\u00f6ll\u00f6vaara tekee perhety\u00f6t\u00e4 sijoituksessa olevien lasten perheisiin. Tiivis yhteisty\u00f6 lapsen perheen kanssa on jokaisen sijoitetun lapsen perusoikeus. Tarvittaessa perhety\u00f6t\u00e4 annetaan laajemmin, varsinkin jos suunnitteilla on lapsen kotiuttaminen.&nbsp;<\/p>\n\n\n\n<p class=\"has-text-align-center\">P\u00f6ll\u00f6vaara tarjoaa j\u00e4lkihuoltoa talossa sijoituksessa olleille nuorille. J\u00e4lkihuolto suunnitellaan yksil\u00f6llisesti nuoren tarpeita vastaamaan.<\/p>\n\n\n\n<p><\/p>\n\n\n\n<div class=\"wp-block-image\"><figure class=\"aligncenter size-medium\"><img decoding=\"async\" src=\"https:\/\/pollovaara.fi\/wp-content\/uploads\/2020\/06\/P\u00d6LL\u00d6VAARA_LIULIIPHOTO_2020-59-300x200.jpg\" alt=\"\" class=\"wp-image-665\"\/><\/figure><\/div>\n\n\n\n<p><\/p>\n<\/div><\/div>\n\n\n\n<p><\/p>\n<\/div><\/div>\n\n\n\n<p><\/p>\n","protected":false},"excerpt":{"rendered":"<p>Sijaishuollon perhehoito &#8211; Perhety\u00f6 &#8211; J\u00e4lkihuolto P\u00f6ll\u00f6vaara tarjoaa luvanvaraista perhehoitoa huostaanotetuille 12-18 -vuotiaille lapsille. Perhekodissa on ymp\u00e4rivuorokautiset vanhemmat sek\u00e4 sosiaali- ja terveysalan ty\u00f6ntekij\u00f6it\u00e4. Tavoitteena on vahva yhteisty\u00f6 perheiden kanssa ja mahdollinen lapsen kotiinpaluu. P\u00f6ll\u00f6vaara tekee perhety\u00f6t\u00e4 sijoituksessa olevien lasten perheisiin. Tiivis yhteisty\u00f6 lapsen perheen kanssa on jokaisen sijoitetun lapsen perusoikeus. Tarvittaessa perhety\u00f6t\u00e4 annetaan laajemmin, varsinkin jos suunnitteilla on lapsen kotiuttaminen.&nbsp; P\u00f6ll\u00f6vaara tarjoaa j\u00e4lkihuoltoa talossa sijoituksessa olleille nuorille. J\u00e4lkihuolto suunnitellaan yksil\u00f6llisesti nuoren tarpeita vastaamaan.<\/p>\n","protected":false},"author":1,"featured_media":0,"parent":0,"menu_order":0,"comment_status":"closed","ping_status":"closed","template":"","meta":{"footnotes":""},"class_list":["post-5","page","type-page","status-publish","hentry"],"_links":{"self":[{"href":"https:\/\/pollovaara.fi\/index.php?rest_route=\/wp\/v2\/pages\/5","targetHints":{"allow":["GET"]}}],"collection":[{"href":"https:\/\/pollovaara.fi\/index.php?rest_route=\/wp\/v2\/pages"}],"about":[{"href":"https:\/\/pollovaara.fi\/index.php?rest_route=\/wp\/v2\/types\/page"}],"author":[{"embeddable":true,"href":"https:\/\/pollovaara.fi\/index.php?rest_route=\/wp\/v2\/users\/1"}],"replies":[{"embeddable":true,"href":"https:\/\/pollovaara.fi\/index.php?rest_route=%2Fwp%2Fv2%2Fcomments&post=5"}],"version-history":[{"count":20,"href":"https:\/\/pollovaara.fi\/index.php?rest_route=\/wp\/v2\/pages\/5\/revisions"}],"predecessor-version":[{"id":949,"href":"https:\/\/pollovaara.fi\/index.php?rest_route=\/wp\/v2\/pages\/5\/revisions\/949"}],"wp:attachment":[{"href":"https:\/\/pollovaara.fi\/index.php?rest_route=%2Fwp%2Fv2%2Fmedia&parent=5"}],"curies":[{"name":"wp","href":"https:\/\/api.w.org\/{rel}","templated":true}]}}